uppose -q*w = -193*w + 193010. Is w a composite number?
False
Let y(o) = 9*o**2 + 2*o - 27. Suppose -6*p - 5 + 35 = 0. Suppose p*x + 53 = -17. Is y(x) a composite number?
False
Let u(l) = 182*l**2 + 8*l + 1. Let n(r) = -365*r**2 - 15*r - 2. Let o(k) = -4*n(k) - 7*u(k). Let i = -1061 - -1059. Is o(i) composite?
True
Let t(v) = 18*v**2 - 19*v + 68. Let k(f) = f**3 - 8*f**2 + 23*f - 13. Let h be k(4). Is t(h) prime?
True
Suppose -73267021 = -23*x - 22831034. Is x composite?
True
Let a(n) = 47329*n**2 + 718*n + 4275. Is a(-6) a prime number?
False
Let j be (-26)/(-6) - (-9 - (-112)/12). Suppose -l = -g + j*g - 1289, -5*g = -5*l + 6365. Is l prime?
True
Suppose 10856998 = 34*t + 20*t - 12285404. Is t a composite number?
False
Suppose 0 = 78*a - 6314323 - 7176529 - 846952. Is a prime?
False
Suppose 0 = 175*x - 1205522 - 14386803. Is x prime?
False
Let p(i) = i. Let o(c) = 1337*c - 22. Let n(v) = o(v) + 2*p(v). Is n(5) a prime number?
True
Let l = 156 + -141. Suppose 10*v - l*v + 27415 = 0. Is v a prime number?
True
Suppose 166757 = 19*j - 464917. Is (8/(-12))/(66480/j - 2) a composite number?
False
Suppose 23 = 5*o - 37. Let h = -8 + o. Suppose -486 = h*r - 2122. Is r composite?
False
Suppose 5*v - 12 = 2*v, -5*m - 5*v = -25895. Let k = -2656 + m. Is k prime?
False
Let r = -558 - -2790. Suppose -4*i + 8549 = 5*c, 2900 = 3*c + 5*i - r. Is c a prime number?
True
Let q = 325 + -992. Suppose -t + 3102 = 2*t. Let z = t + q. Is z a composite number?
False
Let i(o) = -21*o - 59. Suppose -4*y + 2*l = 38, 3*y + 0*l - 3*l + 33 = 0. Let s be i(y). Suppose s*n - 113*n + 1036 = 0. Is n a composite number?
True
Let q = -10 - -230. Let t be -5 - ((-7)/4 + (-1748)/(-304)). Let h = t + q. Is h composite?
False
Let b(x) = 93*x**3 - x**2 + x. Suppose -u - 1 = 4*h, 3*u = h - u - 21. Let i be b(h). Suppose -3*r + 488 = 4*l + l, l - 4*r - i = 0. Is l a prime number?
True
Suppose 2*q = 4*f, 17 = 3*q + 5. Let l be (3 - -20)/(f/(-66)). Let w = l - -2102. Is w prime?
False
Suppose -10*x - 12 + 22 = 0. Let h be x/(-3)*(4 - 1). Is (3 + -549 - -5)/h a prime number?
True
Suppose -6*b - 16 = -14*b. Is (3592 + 50)/(4/b) a prime number?
False
Let o(p) = 133*p**2 - 12*p - 533. Is o(-14) prime?
True
Let d(h) = 445*h**2 - 22*h - 31. Is d(12) a prime number?
False
Suppose 19 = -3*f + 10, -4615 = -2*l + 3*f. Let v = 1674 + l. Is v a composite number?
True
Suppose 0 = -150*x + 106*x + 19155620. Is x composite?
True
Let h(o) = 3007*o**2 - o - 1. Let t(i) = -i + 18. Let y be t(12). Suppose 7 - 1 = -y*j. Is h(j) composite?
True
Let g(f) = f**3 + 2*f**2 - 3*f - 2. Let d be g(-2). Suppose -50*b + 244*b = 0. Suppose b = 3*s - 0*o + 2*o - 927, -2*s - d*o + 618 = 0. Is s composite?
True
Let z = -74 - -180. Let k = z - 136. Is 45/k*(-7364)/6 a composite number?
True
Let r(x) be the first derivative of 25*x**3/3 + x**2 - x - 1. Let p be r(1). Let z = 32 - p. Is z a prime number?
False
Let u(w) = -w - 2. Let y be u(-3). Let t be (y + 15/(-21))/(6/42). Suppose t*k = s + 3*k - 905, -4*s + 3*k = -3620. Is s composite?
True
Is (2 - (-5)/(-3))/((-41)/(-41480889)) a prime number?
False
Suppose -2 = -y - 2*h, 5*y - 7 = -h + 3. Suppose -y*k - 5*m = -14 - 6, 5*k - 21 = 2*m. Suppose -p = -k*p + 3*l + 877, -5*l = -4*p + 867. Is p composite?
False
Let d = 14 - 10. Suppose 0 = d*q - 10*q + 876. Is (q/(-6))/((-11)/66) prime?
False
Let n(c) = 0 - 1 + 2 - 898*c. Suppose 35*x + 42 = 7. Is n(x) prime?
False
Let p be 165/(-2)*5/((-60)/(-376)). Let y = p + 6140. Is 2/3*y/6 prime?
False
Let h(y) = 6244*y**3 - y**2 + 2*y + 4. Suppose 4*t - 12 = 10*t. Let w be h(t). Is w/(-32) + (-3)/24 composite?
True
Suppose 17 - 7 = 2*w. Suppose -10 = -3*l - w*u + 17, -12 = -4*u. Is 422 - (l - (-1 + 2)) composite?
False
Let n be ((-3)/(-12))/((-14)/(-280)). Let g(q) be the first derivative of 31*q**4/4 - q**3 + 5*q**2 - 3*q - 3. Is g(n) a prime number?
True
Suppose -2455405 = -69*i + 64*i - 4*u, -982162 = -2*i + 5*u. Is i a prime number?
True
Let k be 18/4*(9 + -7). Let s be (k + 1)*((-4)/5 + 2). Suppose -3*p - s = 0, 0*f - 2250 = -2*f + 5*p. Is f a composite number?
True
Let a(u) = 4602*u**2 + 962*u - 1925. Is a(2) a composite number?
True
Suppose 2*x - 7046185 = -5*g, 3*x - 40*g = -42*g + 10569261. Is x composite?
True
Let i = -379 + 387. Suppose 0 = 4*u - i, -5*u = -a - 0*u + 963. Is a composite?
True
Let q(l) = -3223*l + 7. Let h be q(5). Let t = h - -22577. Is t a prime number?
True
Let q(y) be the first derivative of 2711*y**2 - 67*y + 51. Is q(5) prime?
True
Let j = 1606 - 2716. Is (87/9)/((-10)/j) a prime number?
False
Suppose -15 = -4*p + l, l - 27 = -5*p + 5*l. Let j = -9408 - -14878. Suppose -p*q + j = 2*q. Is q a composite number?
True
Let i be ((-7)/2)/(7 - 36908/5272). Suppose -10*p + 18017 = -i. Is p a prime number?
False
Let f = -41074 + 68435. Is f a composite number?
False
Suppose 8978087 = 5*w - 4*v, 3*w - 4809092 - 577725 = -2*v. Is w prime?
False
Is 2/(-8 + -5 + 11)*-149693 a composite number?
True
Suppose -2*q - 2*o + 29 = -141, -2*q + 165 = 3*o. Let u(t) = -253 + 294 + q*t + 66*t. Is u(10) a composite number?
False
Let v(x) = -1556*x + 16. Let y be v(-15). Suppose -14*u + 62352 = -y. Is u a prime number?
False
Let k(d) = 127*d + 7. Let c = -16 + 27. Let u be k(c). Let s = -982 + u. Is s a composite number?
True
Suppose -n - 4*k = -42905, 171520 = 4*n - 2*k - 2*k. Is n/13 - 6/(-39) composite?
False
Suppose -5*g = 0, -5*b - 3*g - 5 = -0. Let s(o) = -102*o**2 + 8*o + 5. Let h(x) = -x**2. Let v(p) = b*s(p) - 2*h(p). Is v(3) a composite number?
False
Suppose 94672 + 166086 = 15*k - 49187. Is k composite?
False
Let f = -108101 - -216400. Is f a composite number?
True
Let y(q) be the third derivative of -3*q**6/4 + q**5/30 + q**4/24 + q**3/6 + 15*q**2. Let n be y(2). Let s = 1092 + n. Is s prime?
True
Let m(t) = 13*t**3 - 3*t**2 - 2*t - 7. Let u = -468 + 472. Is m(u) a prime number?
True
Let z = 84623 + 67176. Is z a composite number?
False
Let b = 207756 - -249709. Is b a composite number?
True
Suppose 2*f = -4*h + 108522, -33217 = -2*f + 4*h + 75265. Is f a prime number?
True
Suppose 4*w + 23630 = -2*k, -k + 1386 + 10419 = -2*w. Let i = -1962 - w. Is i a prime number?
True
Suppose -77*o + 1324158 = -11*o. Is o composite?
False
Suppose -12*u - 108 = -36. Let x(z) = -120*z**3 + 8*z**2 + 4*z + 15. Let g(p) = -p**3 + p**2 + 1. Let r(k) = u*g(k) + x(k). Is r(-3) prime?
False
Let h = 146 - 108. Let z be 96 - (-1 - -1)/(-3). Suppose u - z = -h. Is u a prime number?
False
Suppose 38*u - 441598 = -0*u. Is u a composite number?
False
Suppose -19*x = 9 - 104. Suppose 3*q = 9*i - 7*i - 4130, 10283 = x*i + 3*q. Is i composite?
True
Suppose q + 3*i = 7, 5*q + 5*i + 3 - 8 = 0. Let t(s) = 45*s**2 + 2*s + 4. Let l be t(q). Let u = l - -67. Is u prime?
False
Let b(p) = 18474*p**2 - 231*p - 1437. Is b(-6) composite?
True
Let m = -8 - -11. Is ((-2)/m)/(72/(-184572)) prime?
True
Let v(d) = -d**3 + 74*d**2 - 148*d + 402. Is v(71) a prime number?
False
Let o(i) = 69*i - 28. Suppose -3*l + 9 = 0, -2*w + 3*w + 3*l = 45. Let a be 4 + w/(-10) - (-226)/10. Is o(a) a prime number?
True
Suppose -5353 = 8*h - 19913. Suppose -3*y - 6815 = -h. Let i = y - -2722. Is i a composite number?
True
Let k = -9 + 13491. Suppose -4*c + 42866 = 4*v + 15842, 2*v = 4*c + k. Is v composite?
True
Let y = 1 - 2. Let b(f) = f**3 - f**2 - 2*f + 1. Let d be b(1). Is (d - 0)/(y/679) a composite number?
True
Let a be 100/16 + 6/(-24). Suppose -10*h + 12 = -a*h. Suppose 0 = h*s - 13*s + 4910. Is s a prime number?
True
Let t be 0 + -4 + (-2 - 13563)*-1. Let c = t - 8364. Is c a prime number?
True
Is ((10 - 23) + -225500)/(-3) a composite number?
True
Let b be 3/6 + -1 + (-15)/(-6). Suppose 2*l + 0*o - 5*o = -255, b*o = -5*l - 594. Is (1040/l)/(3/((-117)/2)) composite?
True
Suppose -218 = 6*m - 242. Suppose -113931 = -5*p - m*p. Is p composite?
False
Let l = 1548 - 2308. Is (71 + -2)/((-120)/l) a composite number?
True
Let u be (-8)/(-2)*((-9)/3)/(-6). Suppose 5*g + 27 = -2*z - u*z, 12 = g - 5*z. Is (4 + (g - -2))*(-7278)/(-18) a composite number?
False
Let u(d) = 2*d**3 - 18*d**2 - 18*d - 14. Let b be u(10). Let h(l) = 24*l**3 + 5*l**2 + l + 11. Is h(b) prime?
True
Is (-10732 - 0)*24099/(-348) prime?
False
Suppose -6*u = -10*u - 5*g + 27, 0 = -4*g + 12. Suppose 12*f 